457, 1693
What are the prime factors of 27683435?
5, 13, 425899
What are the prime factors of 57459783?
3, 19153261
List the prime factors of 1961307456.
2, 3, 211, 48413
List the prime factors of 56162337.
3, 7, 11, 37, 6571
List the prime factors of 1793581913.
139, 12903467
What are the prime factors of 999180052?
2, 13, 521, 2837
What are the prime factors of 339345400?
2, 5, 641, 2647
List the prime factors of 29486532.
2, 3, 311, 7901
List the prime factors of 44391341.
44391341
What are the prime factors of 118822712?
2, 3121, 4759
What are the prime factors of 7852436394?
2, 3, 11, 19, 23, 272257
What are the prime factors of 318220262?
2, 8629, 18439
List the prime factors of 307752348.
2, 3, 19, 149, 9059
What are the prime factors of 258065457?
3, 13, 17, 109, 3571
List the prime factors of 373990461.
3, 13, 73, 131363
What are the prime factors of 213569891?
29, 7364479
List the prime factors of 2928980429.
2928980429
What are the prime factors of 53159428?
2, 7, 811, 2341
List the prime factors of 238922026.
2, 7, 17065859
List the prime factors of 75363837.
3, 29, 137, 6323
List the prime factors of 196609853.
11, 19, 347, 2711
List the prime factors of 539451201.
3, 101, 1780367
List the prime factors of 37592158.
2, 53, 354643
What are the prime factors of 41262247?
13, 17, 186707
List the prime factors of 1683930120.
2, 3, 5, 14032751
What are the prime factors of 243817520?
2, 5, 1069, 2851
List the prime factors of 772654525.
5, 23, 1343747
List the prime factors of 197663084.
2, 49415771
List the prime factors of 20796814.
2, 17, 611671
What are the prime factors of 157491038?
2, 19, 113, 36677
What are the prime factors of 108216710?
2, 5, 7, 113, 13681
What are the prime factors of 75425?
5, 7, 431
What are the prime factors of 86706405?
3, 5, 19, 101411
What are the prime factors of 1231147037?
10337, 119101
List the prime factors of 103348631.
103348631
What are the prime factors of 12985241?
139, 93419
List the prime factors of 169413381.
3, 17, 347, 3191
List the prime factors of 46038397.
17, 37, 53, 1381
List the prime factors of 3050592708.
2, 3, 29, 2287, 3833
What are the prime factors of 488156604?
2, 3, 13, 3129209
List the prime factors of 61717571.
61717571
What are the prime factors of 12317705?
5, 2463541
What are the prime factors of 14686070?
2, 5, 7, 209801
List the prime factors of 9379456.
2, 73277
List the prime factors of 96605896.
2, 443, 27259
What are the prime factors of 41860084?
2, 7, 1495003
List the prime factors of 681882175.
5, 13, 43, 59, 827
List the prime factors of 22888886.
2, 11444443
What are the prime factors of 360444287?
7, 809, 63649
What are the prime factors of 115584553?
7, 16512079
What are the prime factors of 262288949?
13, 43, 607, 773
What are the prime factors of 258287443?
17, 31, 173, 2833
What are the prime factors of 7494662?
2, 7, 535333
List the prime factors of 5891180.
2, 5, 17, 17327
List the prime factors of 130934625.
3, 5, 73, 4783
What are the prime factors of 1636008643?
1636008643
List the prime factors of 433435858.
2, 3947, 54907
List the prime factors of 597233877.
3, 89, 2236831
What are the prime factors of 19883933?
97, 359, 571
What are the prime factors of 4741400791?
29, 163496579
What are the prime factors of 56616562?
2, 17, 109, 15277
List the prime factors of 1518900671.
61, 233, 106867
What are the prime factors of 142025173?
43, 79, 41809
List the prime factors of 5170131889.
13, 23, 71, 239, 1019
List the prime factors of 2096114486.
2, 1048057243
What are the prime factors of 21654862?
2, 97, 111623
What are the prime factors of 176698917?
3, 19, 263, 3929
List the prime factors of 103347737.
103347737
What are the prime factors of 1473786318?
2, 3, 23, 157, 68023
List the prime factors of 3892569221.
3892569221
List the prime factors of 5493931552.
2, 89, 1929049
List the prime factors of 197757954.
2, 3, 10986553
What are the prime factors of 5247856?
2, 431, 761
List the prime factors of 3423877550.
2, 5, 67, 1022053
List the prime factors of 425879150.
2, 5, 8517583
What are the prime factors of 15041699?
149, 157, 643
List the prime factors of 543727078.
2, 857, 317227
List the prime factors of 430990517.
47, 9170011
List the prime factors of 890884945.
5, 178176989
List the prime factors of 1703976455.
5, 340795291
List the prime factors of 830324137.
47, 17666471
List the prime factors of 2001472533.
3, 311, 499, 1433
List the prime factors of 27840328.
2, 1009, 3449
List the prime factors of 326918103.
3, 108972701
What are the prime factors of 46267273?
13, 89, 39989
List the prime factors of 423394083.
3, 7, 293, 22937
List the prime factors of 63884830.
2, 5, 6388483
What are the prime factors of 543462042?
2, 3, 1321, 68567
What are the prime factors of 4890886917?
3, 7, 29, 103, 757
What are the prime factors of 453688140?
2, 3, 5, 7561469
List the prime factors of 597770570.
2, 5, 41, 53, 27509
What are the prime factors of 225405630?
2, 3, 5, 1297, 1931
List the prime factors of 38377399.
37, 67, 113, 137
What are the prime factors of 13255259?
31, 41, 10429
List the prime factors of 184829317.
271, 313, 2179
What are the prime factors of 2983158802?
2, 13, 19, 6038783
What are the prime factors of 7837483?
7837483
What are the prime factors of 5002706664?
2, 3, 23160679
List the prime factors of 717773610.
2, 3, 5, 3593, 6659
List the prime factors of 7423424746.
2, 829, 4477337
What are the prime factors of 80062256?
2, 61, 82031
What are the prime factors of 144631708?
2, 13, 2781379
What are the prime factors of 3171411799?
97, 659, 49613
What are the prime factors of 2349006857?
761, 3086737
List the prime factors of 160290063.
3, 67, 88607
List the prime factors of 35508548.
2, 8877137
List the prime factors of 24138295.
5, 29, 166471
List the prime factors of 42377279.
7, 31, 401, 487
What are the prime factors of 113909271?
3, 7, 23, 4813
What are the prime factors of 811830858?
2, 3, 397, 340819
What are the prime factors of 830501417?
4787, 173491
List the prime factors of 532359930.
2, 3, 5, 17, 1043843
What are the prime factors of 12483125?
5, 19973
List the prime factors of 24932222.
2, 7, 1780873
What are the prime factors of 6060199264?
2, 7, 19, 203417
List the prime factors of 1419021196.
2, 354755299
List the prime factors of 158547972.
2, 3, 11, 263, 4567
What are the prime factors of 28378510?
2, 5, 2837851
What are the prime factors of 18034506?
2, 3, 7, 41, 3491
What are the prime factors of 439224118?
2, 47, 4672597
What are the prime factors of 4908618?
2, 3, 11, 13, 1907
List the prime factors of 219438127.
219438127
List the prime factors of 536919724.
2, 11, 661, 18461
What are the prime factors of 55622174?
2, 29, 37, 25919
What are the prime factors of 52344205?
5, 23, 455167
List the prime factors of 29555511.
3, 9851837
What are the prime factors of 10215338?
2, 7, 43, 71, 239
List the prime factors of 32352290.
2, 5, 67, 109, 443
What are the prime factors of 396339567?
3, 13, 10162553
What are the prime factors of 14555191?
7, 113, 18401
What are the prime factors of 843061283?
103, 8185061
What are the prime factors of 2514058892?
2, 191, 3290653
List the prime factors of 206757448.
2, 4973, 5197
What are the prime factors of 434683328?
2, 2389, 2843
List the prime factors of 3915256469.
21227, 184447
List the prime factors of 160653232.
2, 10040827
What are the prime factors of 249407747?
12611, 19777
List the prime factors of 4082061.
3, 1360687
List the prime factors of 37881305.
5, 7, 11, 61, 1613
List the prime factors of 9627029.
67, 143687
List the prime factors of 154925303.
13, 337, 35363
What are the prime factors of 201805223?
4139, 48757
List the prime factors of 196563987.
3, 19, 59, 19483
What are the prime factors of 31019471?
7, 1789, 2477
List the prime factors of 17629797.
3, 37, 71, 2237
List the prime factors of 54065184.
2, 3, 19, 29641
What are the prime factors of 40765480?
2, 5, 7, 41, 53, 67
What are the prime factors of 458264936?
2, 359, 159563
What are the prime factors of 414115689?
3, 13, 10618351
What are the prime factors of 428082562?
2, 214041281
What are the prime factors of 39174866?
2, 73, 179, 1499
List the prime factors of 1736088103.
29, 59865107